 + 89. Suppose -3*c + 64 = 5*k - 4*c, 2*c + 20 = k. Is a(k) a prime number?
True
Let f(r) = -r**2 + 11*r + 130. Let q be f(18). Let g be -1 - 4/(1*-1). Suppose q*a = g*a + 149. Is a prime?
True
Let f be (-75)/(-18) - (-4)/(-24). Suppose -5*j + 1697 = f*z - 1927, -921 = -z - 5*j. Is z a composite number?
True
Let i(c) = 179*c - 42. Let p be i(9). Let l = p - 527. Is l prime?
False
Suppose 6 = -2*w + 3*m, 3*w = -2*w - 4*m - 61. Let q(a) be the first derivative of a**3/3 - 2*a**2 - 4*a + 1. Is q(w) prime?
True
Suppose 0 = 4*g - 8, 5*l - 7396 = 5*g - 8*g. Is l a prime number?
False
Suppose -4*h = 2*l - 214, l = -0*l - 4*h + 99. Let i = l - -670. Is i a composite number?
True
Suppose 0 = 3*l + z - 14009 - 5820, -6583 = -l + 5*z. Let x be l/24 - (-1)/(-3). Suppose 7*q - x = 2*q. Is q a composite number?
True
Let o be ((-4)/6)/(4/(-1866)). Let w = o - 46. Is w prime?
False
Let q(b) = 19*b - 8. Let p be q(7). Suppose -2*d - 4*a = -62, d + p = 6*d - 5*a. Let h = 230 - d. Is h a composite number?
True
Let a(u) = u**2 - 4*u + 7. Let i be a(6). Suppose 0 = -5*s + i + 136. Is s composite?
False
Suppose -2*d + 3*d = 6635. Suppose -5*x + 6635 = 5*p, 5*p + 9*x - 5*x = d. Is p a composite number?
False
Let a(x) = -4767*x - 38. Is a(-1) a composite number?
False
Let t(k) = 71*k**2 - 7*k + 5. Let o be ((-36)/(-24))/(3/(-8)). Is t(o) prime?
False
Let a(o) = 74*o**2 + 12*o + 24. Let k be a(10). Suppose -w = -2*g + 7*g - 1903, -k = -4*w - 3*g. Is w a composite number?
True
Suppose -2*q = 2 - 14. Suppose 3*g = -0*g + q. Is g/4*2*119 a composite number?
True
Let y be (-536272)/(-60) + (-6)/(-45). Is y/12 + 1/6 composite?
True
Suppose -2*a + 6 = q - 3, 0 = -2*a - 2*q + 12. Suppose a*l = -2*g + 1340, 3*l - 2303 = -5*g + 1056. Is g a prime number?
True
Suppose -10*p + 9*p + 2*r = -29888, -3*r - 59779 = -2*p. Is p a composite number?
True
Let j = -425 - -631. Suppose -4*o = -i + j, -i - o = 3*o - 206. Is i composite?
True
Let w be 20/(-12) + 1/(-3). Let s = 0 - w. Suppose -201 = -s*g - g. Is g a composite number?
False
Is (-5)/(25/(-9724)) + 4/20 composite?
True
Let g(v) = -74*v - 1. Let r be g(2). Let j = r - -30. Is j/2*(-4)/2 a prime number?
False
Is 121793/5 + (144/60 - 2) a prime number?
True
Let m(j) = -j**3 + 5*j**2 + 5*j - 1. Let f be m(4). Let n = -71 + f. Let s = 57 + n. Is s a composite number?
True
Let f(o) = o**2 + 8*o - 1. Let w be f(-10). Let d = 111 - w. Suppose -2*y = 14 - d. Is y prime?
False
Let f(z) be the third derivative of -z**5/60 + z**4 - 3*z**3 + 13*z**2. Is f(19) prime?
False
Let w(a) = a**2 + 20*a + 69. Let j be w(-5). Let b(m) = -4*m**2 - 4*m**3 - 1 + 3*m + 3*m**3 + m. Is b(j) a prime number?
True
Let o(u) = 6478*u + 242. Is o(2) a composite number?
True
Let n(a) = 9*a + 7. Let s be n(5). Suppose -3*q + 2 = -4. Suppose q*l - t - s = 0, 5*l - 26 - 101 = t. Is l a composite number?
True
Suppose 4*c - 35 = -5*o - c, -8 = 4*o - 5*c. Let p(x) = 23*x**2 + 4. Is p(o) a composite number?
False
Suppose 2*d - 38 + 10 = 0. Let i(z) = -z + 14. Let o be i(d). Is -3 + 54 + o + 4 a composite number?
True
Suppose 8*k + 6 = 10*k. Suppose -6*n + 3401 = -k*n - a, -2*n - 5*a = -2256. Is n a composite number?
True
Let c(h) = -45*h - 23. Let a be c(-7). Let w be (-17)/(-4) + (-9)/(-12). Suppose 2*k - 378 = -4*z + k, 3*z + w*k = a. Is z prime?
False
Let h = 460 + -926. Let c = h - -1583. Is c composite?
False
Is -149 - -25392 - 5*1 a composite number?
True
Suppose -6*x = 3*x - 207. Suppose -x*t + 26*t = 3081. Is t a prime number?
False
Let u = -11 + 18. Let m be (-4)/8 - u/2. Let a(f) = -99*f - 1. Is a(m) prime?
False
Let q = 5144 - -6999. Is q prime?
True
Let o(z) = -553*z**3 - z**2 + 3*z - 2. Let m be o(1). Let l = 776 + m. Is l composite?
False
Suppose 8*a - 12 = 2444. Is a prime?
True
Let m be (1 + (16*4)/4)*-6. Is (-33)/30*m*5 + 4 a composite number?
True
Let r = 24 - 17. Let x = 10 - r. Suppose -j + 750 = x*j - 5*d, -4*j + 736 = 2*d. Is j a composite number?
True
Suppose -4*c = -2*c - 2, -c - 13034 = -5*t. Suppose 0 = -2*z - z + t. Is z prime?
False
Suppose -2*s - 2*d = -17252, 2*s = -d + 248 + 17001. Is s a prime number?
True
Suppose -6*a = -a - 25. Suppose a*t = 104 + 441. Is t a composite number?
False
Is (-874164)/(5 + -9) + -8 a composite number?
True
Let z = -29956 - -50433. Is z a composite number?
False
Let x(d) = -2*d**3 + 5*d**2 - 42*d - 114. Is x(-9) composite?
True
Let x(c) = 36*c**2 + 19*c - 147. Is x(8) prime?
True
Let v = -27 + 5. Let z be -23 - v - (1 + -8). Suppose z*b - 2*b = 1556. Is b composite?
False
Let r = 2 - -10. Let h be (-42)/(-4)*(-8)/r. Let z = h - -21. Is z a composite number?
True
Suppose 0 = 5*d - 28 - 22. Suppose -v = -198 + d. Suppose -v - 24 = -4*s. Is s composite?
False
Let o = 103 + -146. Let h = -125 - o. Let j = 227 + h. Is j composite?
True
Suppose -64 = -8*v + 8. Suppose -3263 = -4*l - v*l. Is l a prime number?
True
Let u(c) = -c**2 - 6*c + 9. Let h be u(-7). Suppose -4*z - 4*f = -0*z + 216, -5*z - h*f - 270 = 0. Is (-12)/z + (-781)/(-9) a composite number?
True
Is ((28604/(-6))/(-1))/((-132)/(-198)) composite?
False
Suppose 1926976 = -18*z + 82*z. Is z a composite number?
False
Suppose -f + 14983 = -41860. Is f a composite number?
False
Suppose -13*p - 141135 = -28*p. Is p composite?
True
Suppose 4*d = -2*d + 438. Suppose -s + 5*r = d - 293, -3*r = s - 196. Is s a prime number?
False
Let o = -162 - -239. Is o a composite number?
True
Let d(c) be the first derivative of 2*c**3/3 - 27*c**2/2 + 24*c + 2. Is d(-19) composite?
False
Suppose -y - 27 - 41 = 0. Suppose 643 = 5*t + s - 3*s, -3*t + 385 = -s. Let d = t + y. Is d composite?
False
Suppose -88 = 3*x + 5*n, -5*x = 4*n + 54 + 97. Let t = x - -348. Is t prime?
True
Suppose -3*b + 3*u = 4*u - 14, -4*u + 1 = b. Suppose -b*j + 23 + 2 = 0. Suppose j*h - 433 = 3*t, -h + 101 = t + 2*t. Is h a composite number?
False
Let u(f) = f**2 - 8*f + 9. Let y be u(7). Suppose 0 = -2*p + p + y. Suppose -p*k = -k - 253. Is k prime?
False
Suppose 5*t = -2*k + 507 + 1044, -5*t - 5 = 0. Is k a prime number?
False
Let r(d) = -d + 4. Let j be r(-2). Is 1534/5 + -5*j/(-150) prime?
True
Suppose -2*f + 7*f = 4*r - 15, -24 = -4*f - 4*r. Is (f - 0)/(14/1078) prime?
False
Suppose 2*p + 37 = -3*s, 15 = -s - 0*s - 2*p. Let r = s - -25. Is r composite?
True
Let x(c) = c**3 + 9*c**2 - 3*c - 8. Let r be (2 - 3/(-2))*-2. Is x(r) prime?
False
Suppose 2*k - 3*h = -6*h + 21, -k + 9 = h. Suppose -4 = -8*u + k*u. Suppose 0 = u*b - m - 632, 3*b + 4*m = -b + 1240. Is b a prime number?
False
Let k(a) = 3*a**3 + 6*a - 15*a**2 + 3*a**2 - 2 + 5*a**2 + 5*a**2. Let z(l) = -l - 2. Let o be z(-7). Is k(o) prime?
True
Suppose 4*c - 26 + 4 = -h, h = 4*c - 18. Suppose -2*w - 4*i - 26 = 0, -3*i + 3 - 30 = 4*w. Is -1 - (h + w + -19) composite?
False
Let u be (-108 - -12)/(1 + (-9)/7). Let l = u + -137. Is l prime?
True
Is (24/(-36))/((-5)/64065) prime?
False
Is (16/4 - 0)*9770/8 prime?
False
Let h be (-3)/2 + (-40)/(-16). Is h/(-3)*6134*(-12)/8 a prime number?
True
Let m be (38/(-4))/(4/(-8)). Let d = 57 - m. Suppose d + 67 = 5*o. Is o composite?
True
Suppose 29*c - 30*c = -6. Suppose 2*d + 864 = c*d - 4*j, -236 = -d - 3*j. Is d a composite number?
True
Let t(d) = -d**3 - 84*d**2 - 77*d**2 + 162*d**2 - 8*d + 1. Is t(-8) a prime number?
True
Suppose 33*v - 7*v = 11518. Is v prime?
True
Let i(a) = 201*a - 3 - 75*a + 0. Is i(2) a prime number?
False
Let v = 46758 - 22739. Is v a prime number?
True
Suppose 3*g + n = -2*g + 24088, 0 = -5*g + 3*n + 24096. Suppose -2*t + g = 4*t. Is t composite?
True
Is (5414/14)/(5*(-5)/(-175)) composite?
False
Let b = 10063 + -3182. Is b composite?
True
Let x(y) = -5*y**3 - 30*y**2 - 20*y - 118. Is x(-21) a composite number?
False
Is (4392290/(-40))/(-17) - 2/8 prime?
False
Suppose 2*q = 3*q - 182. Suppose f + 33 - q = 0. Is f composite?
False
Let t = 5 - 0. Suppose -r - 6*n = -n - 27, -n - 5 = -t*r. Is (-3 - 86/r)/(-1) a prime number?
False
Suppose -45403 = -6*r - 9217. Is r a prime number?
False
Let f = -4020 + 5885. Is f a composite number?
True
Suppose -10782 = -2*i + 5*j, -2*i - 2*i = 5*j - 21594. Suppose i = 5*b - r - 2*r, b = -r + 1084. Is b a composite number?
True
Suppose 0 = -5*x - 2*v + 21989, -4*v + 9*v - 10 = 0. Is x a prime number?
True
Let c(j) = -26*j - 305. Is c(-23) a pri